e 8 = -2*o + 10*o. What is the tens digit of o*58 + -3 + 2?
5
What is the hundreds digit of -1*(-58)/(-6)*-57?
5
Let q(f) = 307*f**2 + 11*f - 10. What is the units digit of q(1)?
8
What is the hundreds digit of (10/20)/(1033/516 + -2)?
2
Let r = 41 + -68. What is the hundreds digit of (-92)/(((-1)/6)/((-9)/r))?
1
Let q(i) = -5*i**2 - 2*i + 18. Let g be q(6). What is the units digit of g*((6/(-9))/(-1) + -1)?
8
What is the tens digit of (28/70)/(2/50)?
1
Let g(i) = i**2 + 9*i + 7. Let c be g(-9). Suppose 0*j - 301 = -c*j. What is the units digit of j?
3
Suppose -u + 26 = 27. What is the tens digit of (-33)/11 - (-91 - u)?
8
Let k(z) = 788*z**2 + 7*z - 9. What is the tens digit of k(1)?
8
Suppose 2*c - c + 22 = 0. Let x be (-2)/4 - 55/c. Suppose -x*w = -0*w - 50. What is the units digit of w?
5
Suppose 3*x - 555 = 2*x + 3*w, -5*x = -w - 2733. Suppose x + 82 = 4*u. What is the units digit of u?
7
Suppose -3*j = -5*a + 44, 0*j = 5*a + j - 52. Let g = 81 - a. What is the tens digit of g?
7
Suppose -57*d - 24592 = -86*d. What is the units digit of d?
8
Suppose -4*b + 2472 = 2*a, -4*a + 13*b - 10*b = -4955. What is the thousands digit of a?
1
Suppose 6*y - 10208 = -16*y. What is the units digit of y?
4
Let y = -1729 - -4038. What is the tens digit of y?
0
Let m be (-95)/25 - (-2)/(-10). Let z be (1/m)/(3/(-12)). What is the units digit of (z + -6 - -2)*-1?
3
Suppose -3*i - 1442 = -17*i. Let c = 126 - i. What is the tens digit of c?
2
Suppose -1172*f = -1167*f - 13875. What is the thousands digit of f?
2
Let s(p) = -p. Let q(v) = -v**2 + 6. Let u(j) = -q(j) - 5*s(j). Let a be u(-6). Suppose 0 = -4*n + 16, 3*o + 4*n - 175 = -a*o. What is the tens digit of o?
5
Suppose c - 40 = 4*x, -60 = -4*c + 2*x - 6*x. Let k = 62 - c. Suppose -14 = f - k. What is the tens digit of f?
2
Let n(a) = a**3 + 17*a**2 - 19*a - 15. Let t be n(-18). Suppose 2*d + 4 = 0, 3*d - 95 = -t*r + 4*d. What is the tens digit of r?
3
Suppose 285*n - 288*n + 7239 = 0. What is the hundreds digit of n?
4
Let x = 13 + -24. Let q = x + 12. What is the tens digit of q*1/(1/58)?
5
Suppose 0 = -11*g + 288 + 53. What is the units digit of g?
1
Let s = 98 - -56. What is the hundreds digit of s?
1
Let j(m) = 4*m - m**2 - 3*m**2 + 7 + m**3 + 2*m. What is the tens digit of j(5)?
6
What is the tens digit of ((-101)/(-4))/(4/48)?
0
Let h(m) = -m**2 - 49*m + 74. What is the units digit of h(-17)?
8
Suppose 3*q - 3*o = o - 102, -2*q = 2*o + 54. Let v be 215/q + (-1)/(-6). Let k = 16 + v. What is the units digit of k?
9
What is the units digit of 8 - (-7 + (5 - 110))?
0
Let c = 74 - 41. Let h = c - 28. What is the units digit of h?
5
Let i = -20 + 15. Let u = 24 + i. What is the units digit of u?
9
Suppose 3*p - 213 - 285 = 3*c, -p - 4*c = -141. Let m = p - 92. What is the units digit of m?
9
Let o = 31 - 34. What is the units digit of -2 + (-7 - o - -61)?
5
Let j = 9 + 0. Suppose j*x = 538 + 569. What is the hundreds digit of x?
1
Suppose -o = 4*g - 20 + 1, -50 = -2*o - 5*g. Let h = 54 - o. What is the tens digit of (h/3)/((-1)/(-3))?
1
Let j = 23 - 36. Let m = 9 - j. What is the tens digit of m?
2
Suppose t - 1 = 0, -o + t + 5 = 1. Suppose -4*n = 4*w - 20, -4*w - o = -2*w - n. Suppose 21 = 3*a - w. What is the units digit of a?
7
Let v = 19 - 22. Let t be (2/2 + -1)/v. Suppose 0 = -t*i + 5*i - 240. What is the units digit of i?
8
Suppose -18*v = -8972 - 8326. What is the tens digit of v?
6
Suppose 2*r - 12 + 4 = -5*t, 4*t - 12 = -3*r. Suppose t*y - 810 = -9*y. What is the tens digit of y?
9
Suppose 1338 = 2*i - 6210. What is the thousands digit of i?
3
Suppose -p - 12 = -11. What is the tens digit of p*10/15*-66?
4
Let q = -9 + -6. Let o = q - -18. Suppose 0 = -o*h - 3*v + 87, 4*v + 73 = 4*h - h. What is the units digit of h?
7
Let i(y) = 4*y**2 - 3*y**2 - 5*y**2 - 8 + 8*y + 3*y**2. Let a be i(6). Suppose -3*z - 5*n = -48, a*z = 3*z - n + 14. What is the tens digit of z?
1
Let l = -8 - -12. Let p be l/(-2) - (0 + -7). Suppose 2*c = 5*a + 81, -p*a = -c - 0*a + 48. What is the tens digit of c?
3
Let y = 4561 - 1761. What is the units digit of y?
0
What is the thousands digit of -2 - -2 - (44*-23 + 4)?
1
Suppose -2*u = -2, 4*u + 2 + 1 = i. Let k(m) = -m**2 + 9*m - 10. Let p be k(i). Suppose p*x = -x + 220. What is the units digit of x?
4
Suppose -2*o + 3 = -7. Let y(p) = 6*p - 2 - o*p**3 - 6*p**2 - 1 + 3*p**3 + 3*p**3. What is the tens digit of y(6)?
3
Suppose 0 = 3*f + 5*r - 832 - 1058, -1890 = -3*f - 4*r. What is the hundreds digit of f?
6
Let y(p) = p**3 + 36*p**2 + 24*p + 183. What is the tens digit of y(-35)?
6
Suppose -5*q + 4*l = -20, -15 = -3*q + l + 4. Suppose -q*m + 504 = -200. What is the tens digit of m?
8
Let f = 184 - 70. What is the tens digit of (f/(-9))/((-3)/9)?
3
Let k(n) = 64*n - 5. Let r be k(5). Let l = r - 223. What is the tens digit of l?
9
Let z = 1148 - -1121. What is the tens digit of z?
6
Let o be 4/(-22) + (-48)/(-22). Suppose o*x + 5*y = 108, -2*y + 229 - 45 = 4*x. What is the units digit of x?
4
Let y(q) = q - 4. Let g be y(3). Suppose 4 = -z - 2*i, 0 = 5*z - 0*i - i + 53. Let m = g - z. What is the units digit of m?
9
Let p = 392 - 239. Suppose 3*w = -0*w + p. What is the tens digit of w?
5
Suppose 6*k + 5 = 6803. What is the thousands digit of k?
1
Suppose -4*o - 14*f + 11688 = -11*f, 0 = 3*o + 4*f - 8766. What is the hundreds digit of o?
9
Let f be -7*(-4 + 3 + 2). Let j(p) = -p**3 - 6*p**2 + 7*p. Let o be j(f). Suppose 2*k = 2*i - 10, 2*i - 3*k - 11 + o = 0. What is the units digit of i?
4
Let q(z) = -1 + z**2 - 2*z**2 - 3*z**3 + 4*z**3 + 0*z**3. Let u(p) = -p**3 + 8*p**2 - 2*p - 2. Let h(g) = 2*q(g) + u(g). What is the tens digit of h(-3)?
2
Let y(t) = 2*t - 2. Let c be (-12)/8 - 5/(-2). Let z be 9 - c - (3 - 1). What is the tens digit of y(z)?
1
Suppose i + 14 - 6 = 0. Let j be (4/3)/(i/(-12)). Suppose j*t + 96 = 5*t. What is the units digit of t?
2
Let m(x) = -8*x + 101. What is the tens digit of m(-25)?
0
Let m(b) = b - 10. Let r be m(12). Let i be 3/(r*2/(-36)). Let f = -23 - i. What is the units digit of f?
4
Let w(u) = -u**2 + u + 950. Let l be w(0). Let q be l/18 + 18/81. Suppose 2*m = 4, 4*m + 49 + q = 5*o. What is the units digit of o?
2
Let b(f) = 16*f - 7*f - f**2 - 6 + 9*f + 4*f. What is the units digit of b(19)?
1
Let s be 1*(5 + -2)*7. Suppose 0 = 5*y + y + 60. Let c = s + y. What is the units digit of c?
1
Let x = 7 + -2. Suppose -x*v + 135 = -2*v. Suppose v + 50 = 5*r. What is the tens digit of r?
1
Let g(s) = 2*s**2 - 184*s + 25. What is the tens digit of g(-20)?
0
Let u(c) = 258*c**2 + 24*c + 4. What is the hundreds digit of u(3)?
3
Let z = 31 - 29. Suppose -5*s = -20, -3*l - z*l - 5*s + 135 = 0. What is the tens digit of l?
2
Let t be 5 - (-8)/(0 - 4). Suppose 35 = o - 5*h, 0*o - t*h + 48 = 4*o. What is the tens digit of o?
1
Let j = -21 + 11. Suppose 3*t = -5*s - 2, 3*t + 31 = 5*s + 9. Let k = s - j. What is the tens digit of k?
1
Let t be 2 + 33/(-7) + 70/(-245). What is the hundreds digit of 1/t*-393 + -4?
1
Let c = -149 - -220. What is the units digit of c?
1
Let p(b) = -3*b**2 + 8*b - 25. Let w be p(6). Let r = -17 - w. What is the tens digit of r?
6
Let x(p) = -p**3 + 8*p**2 + 11*p - 15. Let q be x(9). Suppose 2*y - 2*a - 73 - 27 = 0, -y - q*a = -54. What is the units digit of y?
1
Let v = -712 + 468. Let l = v + -111. What is the units digit of (l/10 + 0)*-2?
1
Let n be 9*(-1)/(-12)*(-24624)/(-3). What is the hundreds digit of (n/(-190))/((-3)/20 - 0)?
2
Suppose -99*o + 123*o - 42648 = 0. What is the hundreds digit of o?
7
Let z(m) = -63*m - 206. What is the hundreds digit of z(-16)?
8
Let g be (-55)/33 + (-4)/(-6). What is the units digit of g/(1 - (-7)/(-6))?
6
Let i = -52 - -58. What is the units digit of 0 + i*(-19)/(-2)?
7
Suppose 4*o + 410 = n, -2*n - 14*o + 19*o + 832 = 0. What is the tens digit of n?
2
Suppose 48271 = 50*b + 18371. What is the units digit of b?
8
Suppose -39*i = -23*i - 52688. What is the thousands digit of i?
3
What is the hundreds digit of (-807)/(-7) + 16/(-56)?
1
Let j(i) be the third derivative of -i**4/24 + 11*i**3/3 - 12*i**2. Let c = -15 + 25. What is the units digit of j(c)?
2
Let p = -118 - -667. What is the hundreds digit of p?
5
Suppose -2*p = 2*a - 5*p - 1445, p = -3. What is the units digit of a?
8
S